+ 3*x + 2*x. What is k(o)?
7
Let a(i) = 7*i**2 - 7*i**2 + 7*i - 3 - i**2. Calculate a(7).
-3
Let l(o) = 3*o - 3. Let p be (-2)/(((-10)/(-145))/(-1)). Let x = -23 + p. Calculate l(x).
15
Let i be 9 - 8/(-1 - -3). Suppose -i = w - 10. Let u(l) = -l + w*l - 2*l. What is u(2)?
4
Let o(v) be the first derivative of v**4/4 - 2*v**3 + 3*v**2/2 + 2. Suppose 2*u - 21 = -3*d, -17 = -3*u - d + 4. What is o(u)?
18
Let r(b) = 16*b**2 - 41*b - 43. Let q(c) = -22*c**2 + 42*c + 44. Let k(v) = 3*q(v) + 4*r(v). Give k(-18).
-4
Let g(h) = -h**2 + 13*h - 25. Suppose 5 + 6 = s. Let z be g(s). Let x(r) = r**2 + r + 2. Give x(z).
8
Let w(m) be the third derivative of 0*m + 26*m**2 - 7/24*m**4 - 1/6*m**3 + 0. What is w(-1)?
6
Let k(l) = -l**3 - 9*l**2 - 8*l + 4. Let j(n) = n**3 - 23*n**2 + n - 31. Let f be j(23). Calculate k(f).
4
Let p(z) = z**3 + 10*z**2 + 5*z + 4. Let w be 3/(-6)*(-666)/(-37). What is p(w)?
40
Suppose -1 = -4*h + 19. Suppose w + 4*w - v = 42, 0 = -5*w - h*v + 30. Let j = 3 - w. Let q(c) = c**2 + 6*c + 4. What is q(j)?
-1
Let z(i) = 4*i**3 + i**2 - i + 1. Let j be -4*9 + (-28)/7. Let s = 41 + j. Determine z(s).
5
Let j be (-3)/6*(-4 - 4). Suppose -2*g = 5*c - 0*g + 4, 3*g = -j*c - 6. Let m(n) = 13*n - 10. Let q(u) = 11*u - 9. Let i(t) = -6*m(t) + 7*q(t). Determine i(c).
-3
Let g(n) = -4*n - 2. Let l(a) be the first derivative of -a**2 - 17*a + 11. Let s be l(-7). Give g(s).
10
Let i(d) = -d**3 - 7*d**2 - 5*d + 11. Let c(t) = -t**2 + 40*t - 390. Let s be c(24). What is i(s)?
5
Let l(c) be the second derivative of c**5/20 + 3*c**4/4 + 7*c**3/3 + 2*c**2 - 12*c. Let p be l(-7). Let q(i) = 5 - 2*i**2 + 4*i**2 - 3*i**2 + 4*i. Give q(p).
5
Let u be (1 + -3)/((-4)/6). Let s(t) = 5*t**2 - t**3 - 2*t + 34 - 33 - u*t. Calculate s(4).
-3
Let p(h) = -h + 32. Let x be p(19). Let c(n) = -2*n**2 - 20*n + n**3 + 6 + 7*n + x*n. Let o be c(0). Let v(q) = -q**3 + 5*q**2 + 7*q - 2. Determine v(o).
4
Let a(t) = -3*t + 5. Let d(s) = 5*s - 11. Let j(h) = -5*a(h) - 2*d(h). Let m be j(-1). Let q(c) = c**3 + 8*c**2 - 2*c - 9. Determine q(m).
7
Let f be (-1 - 2)*(-65)/(-65)*-1 - 7. Let n(z) be the third derivative of -z**5/30 - z**4/6 + z**3/2 - z**2. Give n(f).
-13
Let w(g) be the first derivative of -9*g**2/2 + 5*g - 163. Give w(-4).
41
Let i be 1088/36 - (-10)/(-45). Suppose 6*m = m - i. Let r(c) = -c**3 - 6*c**2 - 2*c. Give r(m).
12
Let x(c) be the third derivative of 2/3*c**3 - 5*c**2 + 0*c + 1/120*c**6 + 0 + 1/12*c**5 - 5/24*c**4. Let h = 24 + -30. Give x(h).
-2
Let v(z) be the second derivative of -z**4/12 - 5*z**3/6 + 3*z**2/2 + 6*z. Let a be v(-6). Let p be a - 5 - -1*3. Let o(r) = -r**3 - 5*r**2. What is o(p)?
0
Let k(c) = c - 10. Let n = -34 + 36. Suppose 4*d - 3*f - 20 = 0, -n*f = -d - 6*f + 24. What is k(d)?
-2
Let j(s) = s**3 - 12*s**2 - 30*s + 24. Let t be j(14). Let x(m) = 29 - 24 - 2*m + 3*m + 0*m. Calculate x(t).
1
Let o(v) be the first derivative of 3*v**2/2 + 1. Suppose -5*j = 2*r - 11, -4*r + 6 = 2*j + 8. What is o(r)?
-6
Suppose 0 = -o - 3*r + 10 - 1, -3*r = -o - 15. Let n(h) = h - 1. Let a(x) = 2*x - 1. Let s(u) = o*n(u) + 2*a(u). Calculate s(-5).
-4
Let z = 64 - 64. Let r(d) = 2*d - 5. What is r(z)?
-5
Let n = -9 + 7. Let s = n + 4. Let i(f) = -4*f + 1. Give i(s).
-7
Suppose 108 = -5*z + 103. Let k(x) = 20*x**2 + 2*x + 1. Give k(z).
19
Let v(a) be the third derivative of -a**6/60 + a**5/30 + a**4/8 + a**3/6 + 209*a**2. Determine v(-2).
19
Let b = 18941/20 + -947. Let r(i) be the second derivative of 0 + b*i**5 + 0*i**4 - 1/6*i**3 - 11/2*i**2 + i. Determine r(0).
-11
Let q(y) = y + 14. Let o be q(-11). Let k = 30 - 28. Let b(g) = -1 + 5*g - k*g - g + g. What is b(o)?
8
Let t be (-1692)/(-45) + 4/10. Let d = -34 + t. Let f(o) = 3*o - 6. Determine f(d).
6
Let i(w) be the second derivative of 5*w**3/3 - 2*w**2 - 104*w. Give i(1).
6
Let j(k) = 3*k + 1. Let i(o) = 4*o. Let t(n) = -4*i(n) + 3*j(n). Let g(x) = 15*x - 7. Let l = 10 - 6. Let a(q) = l*g(q) + 9*t(q). Calculate a(-1).
2
Let c be (-13)/((-13)/12) - 4 - 5. Let m(d) = 2*d + 3. Give m(c).
9
Let t be 2/(1 + -2 - 1). Let d(o) be the first derivative of 5*o**4/12 - o**3/6 - o**2/2 + 3*o + 1. Let m(i) be the first derivative of d(i). Give m(t).
5
Let d(j) = -j**3 - j**2 + 2*j + 2. Let l be d(2). Let z be 3/(-9) - 14/l. Let o(t) = 2*t**3 - 2*t**2 - 3*t + 3. What is o(z)?
5
Let f(w) = -4*w**2 + 2*w + 3. Let d(a) = -4*a**2 + 3*a + 4. Suppose -o - 10 - 8 = 5*x, 2*x + 5*o = 2. Let i(q) = x*f(q) + 3*d(q). What is i(-1)?
3
Let k(n) = n**2 - 3*n + 1. Let y(u) = -8*u + 8. Let m(i) = -k(i) + y(i). Determine m(-5).
7
Let k(o) = -o**2 - 4971 - 6*o**3 + 4972 + 2*o + 3*o**3. Determine k(2).
-23
Let t be (-11)/((-88)/(-16)) - 2/(-2). Let l(n) = 10*n**3 + n**2 + n + 1. Calculate l(t).
-9
Let b(s) = 5*s + 54. Let q(u) = 2*u + 54. Let j(w) = -2*b(w) + 3*q(w). What is j(15)?
-6
Let c(l) = 11*l + 15. Let d(a) = -4*a - 5. Let o(n) = -3*c(n) - 8*d(n). Let t(k) = -k - 5. Let h(p) = 4*o(p) - 3*t(p). Determine h(-6).
1
Let c = -28 - -19. Let u(v) = -v**3 + 9*v**2 + 8*v + 6. Let t(n) = -5*n**3 + 37*n**2 + 31*n + 23. Let d(y) = c*u(y) + 2*t(y). Give d(-6).
16
Let g(v) be the second derivative of v**5/20 - 5*v**4/6 - 2*v**3 + 5*v**2/2 - 90*v. Calculate g(11).
-6
Let g(u) be the third derivative of u**6/120 - u**5/5 + 5*u**4/12 + u**3/2 - 2*u**2 + 98. What is g(11)?
-8
Let p(m) = m**2 - 12*m + 1. Suppose 0 = 3*f - 4*y - 16, -4*f = -3*y - 46 + 13. Calculate p(f).
1
Let q(d) = 5*d - 10 + 5 - 2*d**2 + 6 - 5 + 2. Let h be 2/(-7) + 104/(-28). Let r = h + 7. Determine q(r).
-5
Let z = 555 + -566. Let t(n) = n**2 + 9*n - 20. Determine t(z).
2
Let h(q) = -q**3 + 6*q**2 - 6. Suppose 39 = 2*d - 1. Suppose -3*w - d = 4. Let k be w/(-36) - 156/(-27). Give h(k).
-6
Let s(m) be the second derivative of m**5/20 - m**4/6 - m**3/6 - 3*m**2/2 - 5*m - 38. Give s(3).
3
Let p(v) = 2*v + 1. Let i be p(1). Let x(c) = -i*c**3 + 10*c**3 - 3*c**2 + c - 6*c**3. Let k = -2 + 4. Give x(k).
-2
Let s(p) be the first derivative of 5*p**2/2 + p - 2. Suppose -14*c + 34 = -16*c. Let w = 15 + c. Calculate s(w).
-9
Let b(c) = -2*c - 7. Let d(m) = -5*m - 16. Let w(x) = -9*b(x) + 4*d(x). Let g(o) = -o**3 + 4*o**2 - 2*o. Let z be g(2). Give w(z).
-9
Let u(i) = i**3 + 7*i**2 - 9*i - 11. Suppose 10*o + 199 = 119. What is u(o)?
-3
Let s = -15 + 12. Let p(r) = -r + 6. Let t(y) = -2*y + 12. Let i(u) = s*t(u) + 7*p(u). Give i(6).
0
Let z be (-3)/15 + 1/5. Let p(s) = -s**2 + 36*s - 313. Let a be p(15). Suppose 2*w + 0 = a, z = 4*x + 2*w + 22. Let k(t) = -t**2 - 5*t + 5. What is k(x)?
-1
Suppose 0 = 3*z + z + 5*c + 3, -9 = -z + 2*c. Let l(f) be the first derivative of 0*f**2 - 5 + 7/4*f**4 + 0*f + 0*f**z. Determine l(-1).
-7
Let r(y) be the first derivative of y**4/4 - 11*y**3/3 - 11*y**2/2 - 13*y + 98. Calculate r(12).
-1
Let x be (-2 - 0) + 4 + 3. Suppose -q + x*p = -0*q - 16, -4*p - 20 = q. Let z(d) = -d**3 - 4*d**2 - 2*d. Give z(q).
8
Let a(d) = -d + 4. Let l be 154/(-88) + 3/(-4)*-1. Let i be (l/1)/((-4)/8). What is a(i)?
2
Let t(m) = -10*m - 30. Let a(n) = -18*n - 56. Let p(f) = -4*a(f) + 7*t(f). Calculate p(7).
28
Let w(c) = -2*c**2 - 18*c - 21. Let m be w(-8). Suppose -3*y = -5*q - 28, 3*y + q - 23 = 5*q. Let h(z) = z + y + 5 + 6. Determine h(m).
7
Let s(k) = -37228*k + 4 + 37229*k - 6. Give s(0).
-2
Let j(l) be the first derivative of -l**3/3 + 2*l**2 - 9*l - 156. Calculate j(6).
-21
Let m(z) = -18*z - 6. Let h(j) = 4*j + 1. Let x(i) = -4*h(i) - m(i). Determine x(1).
4
Let a(c) = 3*c**2 + 8*c - 11. Let n(l) = -2*l**2 - 4*l + 6. Let q(h) = 3*a(h) + 5*n(h). Let r be 57/21 - (195/(-21) + 9). Determine q(r).
0
Suppose -12*i = -11*i - 5. Let n(d) = -2*d**3 + d**3 - 6 - i*d**2 + 4*d + 2*d - 5*d. Determine n(-5).
-11
Let s(d) = -2*d**2 + 175*d - 175*d - 2*d**2. Give s(-1).
-4
Let d(m) = m - 13. Suppose 3*x - 3 = 0, -2*v - 3*x = 3*v - 123. Let j = -15 + v. What is d(j)?
-4
Let p(s) be the second derivative of -s**5/20 - s**4/12 + s**3/3 - 4*s**2 - 89*s - 2. Calculate p(0).
-8
Let m(j) = 2*j**2 + 6*j + 4. Let h = -50 - -45. Calculate m(h).
24
Let w(c) = -c**3 + 10*c**2 - 18*c + 83. Let z be w(9). Let u(y) = 13*y - 21. Give u(z).
5
Let t(l) = 2*l**3 + 9*l**2 + 4*l - 15. Let o(m) = -3*m**3 - 19*m**2 - 7*m + 27. Let y(f) = 3*o(f) + 5*t(f). Determine y(12).
-6
Let j(n) = n**2 - 5*